i(j) = -141*j - 2396. Determine i(-17).
1
Let f(r) = 3*r**3 + 7*r**2 - 2*r - 4. Give f(-2).
4
Let p(j) = -j**2 - 41*j + 1104. Calculate p(-58).
118
Let u(z) = -15*z - 122. Calculate u(-7).
-17
Let w(l) = 8*l**2 + 895*l - 2678. Give w(3).
79
Let p(x) = x**3 - 10*x**2 + 4*x - 4. Give p(10).
36
Let o(w) = -1415*w + 65076. Calculate o(46).
-14
Let s(b) = 5*b**3 - b**2 - 9*b + 14. Give s(3).
113
Let o(p) = -21*p - 97. Calculate o(7).
-244
Let r(o) = o**3 + 35*o**2 + 224*o + 21. Calculate r(-25).
671
Let g(y) = -28*y + 146. What is g(6)?
-22
Let x(p) = -2*p**2 - 48*p - 68. Calculate x(-8).
188
Let q(b) = b**3 + 17*b**2 - 491*b - 8612. What is q(-19)?
-5
Let d(n) = 4*n**2 - 171*n - 213. Determine d(44).
7
Let o(i) = 4*i**2 + 443*i - 1836. What is o(4)?
0
Let j(k) = 7*k + 634. What is j(-92)?
-10
Let u(b) = b**2 - 9*b - 32. Give u(10).
-22
Let i(k) = -2*k**2 + 16*k + 159. Determine i(-9).
-147
Let d(u) = -u**3 - 23*u**2 - 101*u + 3. What is d(-6)?
-3
Let l(c) = 8*c**2 + 49*c - 47. What is l(-7)?
2
Let p(c) = -87*c - 623. Calculate p(-9).
160
Let g(y) = -y**3 + 47*y**2 - 103*y - 1242. What is g(44)?
34
Let y(a) = -102*a - 1630. Give y(-16).
2
Let k(s) = -8*s + 89. Calculate k(13).
-15
Let o(p) = p**2 - 89*p - 824. Calculate o(0).
-824
Let m(v) = -v**3 + 172*v**2 + 197*v - 4150. Give m(173).
2
Let n(j) = 5*j**2 + 4*j - 60. Determine n(14).
976
Let l(v) = v**2 - 141*v + 1042. Determine l(8).
-22
Let v(j) = -2*j**2 + 86*j - 342. Calculate v(32).
362
Let j(k) = 109*k**2 - 24*k + 39. Determine j(2).
427
Let x(t) = -t**3 + 31*t**2 - 2*t + 11. Determine x(0).
11
Let i(m) = -m**3 + 9*m**2 - m + 15. Determine i(11).
-238
Let v(w) = -w**2 - 21*w + 107. Determine v(-33).
-289
Let i(q) = -489*q + 1475. What is i(3)?
8
Let u(p) = -4*p**3 - 31*p**2 - 19*p - 15. Calculate u(-7).
-29
Let q(d) = -43*d - 130. What is q(-3)?
-1
Let s(u) = 2*u**3 + 11*u + 18. What is s(-2)?
-20
Let l(v) = v**2 + 30*v - 5560. Calculate l(61).
-9
Let v(j) = -j**3 + 33*j + 87. Determine v(-3).
15
Let m(i) = i**2 + 1238*i - 29001. Give m(23).
2
Let p(x) = -2*x**3 - 28*x**2 - 3*x - 44. Calculate p(-14).
-2
Let w(u) = -6470*u - 19414. Calculate w(-3).
-4
Let j(v) = -88*v**3 + 3*v**2 + 6*v + 5. Determine j(-1).
90
Let r(u) = -9*u**3 - u**2 + 18*u - 23. Determine r(0).
-23
Let r(c) = 35*c**2 + 10*c + 44. Give r(-3).
329
Let c(a) = -25*a + 95. Calculate c(5).
-30
Let x(q) = 11*q - 287. Give x(25).
-12
Let j(n) = n**2 + 101*n - 2128. Give j(18).
14
Let m(g) = -190*g - 945. Determine m(-5).
5
Let x(d) = d**3 - 4*d**2 - 4435*d + 22156. What is x(5)?
6
Let b(y) = 160*y**3 - 4*y + 2. Give b(1).
158
Let r(y) = -173*y - 4638. Calculate r(-27).
33
Let o(b) = 7*b**2 - 9*b + 20. What is o(2)?
30
Let w(f) = -2*f**3 + 46*f**2 - 37*f - 162. Calculate w(22).
-8
Let b(t) = -53*t - 4705. What is b(-81)?
-412
Let q(h) = -8*h**2 - 55*h + 147. What is q(-9)?
-6
Let v(j) = -10*j + 412. Give v(49).
-78
Let u(f) = -3*f**3 + 70*f**2 - 46*f + 26. What is u(23)?
-503
Let z(j) = -5*j**2 - 57*j + 91. Calculate z(-13).
-13
Let k(o) = -o**2 - 8*o - 8. Calculate k(-8).
-8
Let c(k) = 3*k**2 - 128*k + 1016. Determine c(33).
59
Let p(w) = -2*w**2 + 429*w + 2167. Give p(-5).
-28
Let a(m) = 5*m**2 - 88*m - 93. Determine a(-1).
0
Let q(g) = 156*g + 5608. What is q(-36)?
-8
Let t(i) = -60*i - 12. Calculate t(1).
-72
Let h(y) = 3*y**3 + 51*y**2 + 10*y - 189. Calculate h(-16).
419
Let d(m) = 96*m - 760. What is d(8)?
8
Let f(i) = -262*i**2 - 10*i + 16. Calculate f(0).
16
Let d(q) = 42*q**3 + 7*q**2 - 122*q - 127. Determine d(-1).
-40
Let h(w) = -2*w**2 + 7*w + 112. Give h(15).
-233
Let k(g) = g**3 - 6*g**2 - 44*g + 163. Determine k(3).
4
Let i(y) = -75*y + 4644. Give i(62).
-6
Let f(o) = -o**3 - 18*o**2 - 39*o - 53. What is f(-16)?
59
Let d(o) = 7*o**3 + 241*o**2 + 1613*o + 104. Calculate d(-9).
5
Let t(k) = k**3 + 3*k**2 + 64*k - 209. Give t(3).
37
Let m(w) = -w**3 - 23*w**2 - 107*w + 98. Give m(-8).
-6
Let i(h) = -8*h**2 - 21*h + 541. Determine i(7).
2
Let i(d) = 2*d**3 + 8*d**2 + 175*d + 1018. Give i(-6).
-176
Let y(r) = -26*r**2 - 10889*r + 2105. Calculate y(-419).
10
Let i(p) = 3*p**3 + 11*p**2 - 59*p + 7. Determine i(-7).
-70
Let z(a) = a**2 - 78*a + 997. Determine z(18).
-83
Let h(m) = m**2 - 52*m - 10993. What is h(-82)?
-5
Let s(n) = -6*n**3 + 27*n**2 - 8*n + 28. Calculate s(6).
-344
Let n(y) = -y**3 - 12*y**2 - y + 20. What is n(-8)?
-228
Let n(g) = -50*g - 23. Give n(-3).
127
Let z(x) = -x**2 - 5140*x + 25709. What is z(5)?
-16
Let s(a) = 124*a + 16490. Give s(-133).
-2
Let w(v) = -427*v - 3840. What is w(-9)?
3
Let u(s) = -s**3 - 5*s**2 + 6*s - 16. What is u(-7)?
40
Let j(z) = 391*z - 1649. Calculate j(5).
306
Let i(z) = -18*z + 1083. Give i(64).
-69
Let f(t) = -t**2 + 20*t - 86. Determine f(5).
-11
Let c(d) = -2*d**2 + 2*d + 22. Determine c(-5).
-38
Let d(t) = -65*t - 4518. Give d(-69).
-33
Let b(l) = 13*l**2 + 19*l - 128. Give b(-7).
376
Let f(k) = -2*k**2 + 10*k + 212. Determine f(-8).
4
Let l(d) = 22*d - 197. Give l(10).
23
Let o(g) = 62*g + 10808. Determine o(-174).
20
Let h(b) = -b**3 - 53*b**2 - 436*b - 369. What is h(-9)?
-9
Let n(l) = -199*l - 15. What is n(-1)?
184
Let f(d) = 468*d + 6100. Determine f(-13).
16
Let o(l) = -5*l**2 + 296*l - 2325. Determine o(50).
-25
Let z(s) = -5787*s - 81025. Determine z(-14).
-7
Let r(l) = 10*l**3 + 20*l**2 + 30*l - 12. Determine r(-2).
-72
Let n(y) = y**3 + 24*y**2 + 50*y + 103. Calculate n(-22).
-29
Let p(n) = 4*n**2 + 38*n + 55. Determine p(-14).
307
Let s(k) = 32*k - 944. Give s(27).
-80
Let b(w) = 75*w**3 + w**2 - 5*w + 4. Calculate b(1).
75
Let p(m) = -m**2 - 257*m + 2071. Give p(8).
-49
Let h(q) = -290*q - 1768. Give h(-6).
-28
Let g(h) = 34*h + 90. Calculate g(-3).
-12
Let j(a) = -582*a + 1164. Calculate j(2).
0
Let q(f) = 30*f**2 - 36*f + 240. Give q(5).
810
Let p(z) = -z**3 + 5*z**2 + 263*z - 1319. Give p(5).
-4
Let g(t) = -3*t**2 - 479*t - 1872. Determine g(-4).
-4
Let s(b) = 36*b - 38. Determine s(7).
214
Let c(n) = -11*n**2 + 110*n + 12. Determine c(10).
12
Let q(d) = 2679*d - 8038. Calculate q(3).
-1
Let j(h) = h**3 + 13*h**2 + 15*h + 22. What is j(-11)?
99
Let i(p) = 4*p + 29. What is i(-7)?
1
Let r(q) = -q**3 + 18*q**2 + 59*q - 1054. Determine r(18).
8
Let i(n) = 381*n**3 - 5*n - 3. Give i(-1).
-379
Let b(v) = -24*v**2 + 491*v - 222. Give b(20).
-2
Let q(w) = -264*w**3 + 5*w**2 - 10*w + 6. What is q(1)?
-263
Let q(p) = -p**3 - 4*p**2 + 248*p + 30. Give q(0).
30
Let s(a) = -30*a**2 - 428*a - 123. Determine s(-14).
-11
Let u(k) = -631*k - 3785. Calculate u(-6).
1
Let b(m) = 65*m + 2156. Calculate b(-33).
11
Let u(l) = 27*l + 34. Determine u(-4).
-74
Let q(g) = 147*g + 1178. Determine q(-8).
2
Let h(o) = 171*o - 10958. Calculate h(64).
-14
Let c(n) = -7*n**2 - 11*n + 124. Determine c(-5).
4
Let f(s) = 12*s - 71. Determine f(0).
-71
Let h(a) = 2*a**2 - 325*a - 872. What is h(165)?
-47
Let h(z) = 12*z + 151. What is h(-12)?
7
Let o(w) = 2*w**2 + 14*w - 341. Give o(10).
-1
Let f(a) = -21*a + 268. Determine f(11).
37
Let f(v) = 2*v**3 - 82*v**2 - 81*v - 123. Give f(42).
3
Let h(d) = d**3 + 4*d**2 - 19*d - 75. Calculate h(-4).
1
Let j(x) = -6*x**2 - 287*x - 523. Give j(-46).
-17
Let n(i) = -14*i**2 + 361*i + 50. What is n(26)?
-28
Let g(m) = -146*m - 8300. Calculate g(-56).
-124
Let b(f) = 2041*f - 69388. Give b(34).
6
Let c(j) = 383*j - 2596. Calculate c(7).
85
Let b(o) = -39*o + 139. Give b(3).
22
Let x(k) = 4*k**2 + 124*k + 892. What is x(-11)?
12
Let h(q) = 489*q + 11657. What is h(-24)?
-79
Let p(i) = -67*i - 156. Determine p(9).
-759
Let p(i) = -6*i**3 - 7*i**2 - 17*i - 3. What is p(-3)?
147
Let w(c) = -7*c**2 - 78*c + 94. Determine w(-13).
-75
Let b(c) = -278*c - 487. Determine b(-2).
69
Let k(j) = j**2 + 5*j - 74. Give k(8).
30
Let u(n) = 4*n**2 + 48*n + 71. Determine u(-8).
-57
Let m(s) = 6*s**2 + 42*s - 49. Determine m(2).
59
Let r(a) = a**3 + 17*a**2 + 52*a + 3. What is r(-10)?
183
Let a(s) = s**3 + 39*s**2 + 2*s - 8. Give a(0).
-8
Let t(z) = -4*z**2 + 22*z + 53. What is t(-2)?
-7
Let t(g) = g**2 - 1500*g - 1500. Calculate t(-1).
1
Let l(i) = i**2 - 75*i + 1245. What is l(28)?
-71
Let j(q) = 27*q + 15. Calculate j(-2).
-39
Let a(w) = -18*w - 107. What is a(-2)?
-71
Let m(g) = 2*g**2 + 85*g + 801. What is m(-12)?
69
Let h(t) = -88*t**3 + 6*t**2 + 4*t - 3. W